/18 - (-17 + 132/6).
11
Suppose -5*x + 5*z - 175 = -10*x, 0 = -5*x - 2*z + 163. Suppose x*t - 512 = -t. What is the remainder when 36 is divided by t?
4
Let u be 2/(-12) + 6*13/36. Suppose -1 = -w + u. Suppose 16 = -4*f + 6*f. Calculate the remainder when f is divided by w.
2
Suppose r - 5 = 0, 4*m - 5*m = -3*r - 42. Calculate the remainder when 2810 is divided by m.
17
Let k be (4*-5)/(-11 + 9). Suppose k*n - 24*n = -602. What is the remainder when n is divided by 7?
1
Suppose 444 = 4*r + 4*s, 325 = 3*r + 4*s - 3*s. Calculate the remainder when r is divided by 24/2*3*(165/44)/15.
8
Let h(x) = -x**3 + 27*x**2 - 19*x + 562. Calculate the remainder when 323 is divided by h(27).
29
Let d(t) = -t**2 - 28*t - 192. Let u be d(-12). Suppose u = 15*m - 5*m - 350. Calculate the remainder when m is divided by 1*(6*1 + -1).
0
Let g = 75 - 105. Let r be ((-24)/(-10))/((-12)/g). Calculate the remainder when 31 is divided by r/(-33) + (-101)/(-11).
4
Let t(l) = l**2 - 29*l + 60*l + 124 - 50*l. Suppose -3*j = 2*j - 375. Calculate the remainder when j is divided by t(7).
35
Suppose -187*z = -205*z + 12798. What is the remainder when z is divided by 60?
51
Let q = -641 + 659. What is the remainder when 2014 is divided by q?
16
Let a be 0 + -7 + 7 - -63. Suppose 4*u = 3*f - a, -3*u = -5*f - 2*u + 88. Calculate the remainder when 21 is divided by f.
4
Let v(a) = 582*a - 5726. Suppose -z + 4*z - 42 = 0. Calculate the remainder when v(10) is divided by z.
10
Let v(x) = -2*x**3 + 4*x**2 - 3*x - 2. Let r be v(4). Let g = -16931 - -16806. Let m = r - g. Calculate the remainder when m is divided by 12.
11
Suppose 0 = -22*z + 41610 + 108210. What is the remainder when z is divided by 52?
50
Suppose 15*l - 7*l + 565 = 5*s, -3*l - 348 = -3*s. Calculate the remainder when 477 is divided by s.
114
Let a(k) = 2*k**2 - 3*k - 13. Let t be a(-3). Suppose -t*n = -10*n - 404. Calculate the remainder when n is divided by 51.
50
Let w = -2837 + 2891. Calculate the remainder when 3833 is divided by w.
53
Let g(j) = 129*j**2 - 503*j - 3. Calculate the remainder when 238 is divided by g(4).
42
Suppose r - 5*r + 28 = 0. Suppose -r*u = -3*u. Suppose -c + 13 + 0 = u. What is the remainder when 14 is divided by c?
1
Suppose 0 = 8*y - 21*y + 5616. Suppose -y = -19*z + 708. What is the remainder when z is divided by 22?
16
Let i(k) = 3*k. Let m(j) = 39*j - 38. Let w(t) = 3*i(t) + m(t). What is the remainder when w(4) is divided by 12?
10
Let p(g) = g**3 + 11*g**2 + 54*g + 42. Calculate the remainder when p(11) is divided by 127.
123
Let u(z) = 18*z**2 - 188*z + 748. What is the remainder when u(4) is divided by 40?
4
Let k = 2037 + -1992. What is the remainder when 908 is divided by k?
8
Let w(g) = 4*g + 8. Let n(i) = -i - 1. Let z(r) = -6*n(r) - w(r). Suppose -11258 + 10688 = -38*l. What is the remainder when l is divided by z(5)?
7
Let v(j) = -5*j - 2. Let z be v(-1). Suppose -2*q - z*r = 185, 60 + 55 = -q + 3*r. Let n = q + 112. Calculate the remainder when 31 is divided by n.
7
Suppose -5*l = 17*n - 10*n - 8126, 3*n - l = 3492. Calculate the remainder when n is divided by 284.
27
What is the remainder when ((-2154)/9)/(64/(-96)) is divided by 8?
7
Let c(i) = -2*i**3 - 27*i**2 - 13*i + 6. Calculate the remainder when 3262 is divided by c(-13).
4
Let p = -7 + 4. Let u = -3454 - -3455. What is the remainder when (135 + (-1 - p))/u is divided by 23?
22
Let o = -1781 - -1793. What is the remainder when 789 is divided by o?
9
Suppose -579 = 3*i + 2*r - 33, 3*r - 171 = i. Let n = -135 - i. What is the remainder when 134 is divided by n?
44
Suppose 12 = -s + 5*s, 0 = 2*v - 5*s - 11. Let t = v - 5. Let a = 291 - 244. Calculate the remainder when a is divided by t.
7
Let j(z) = 289*z - 92. Let c be j(8). Suppose -1632 = -12*x + c. Calculate the remainder when x is divided by 14.
13
Suppose -213 = 2*j - 241. What is the remainder when 67 is divided by j?
11
Calculate the remainder when 3/(-5) - (-8610)/25*60/90 is divided by 2 + 58 + 2*-1.
55
What is the remainder when 224 is divided by 104 + 15 + 0/2?
105
Let w(g) = -9*g**2 - 15 - 9*g**2 + g**3 + 11*g**2 + 15*g - g**2. Let a be w(6). Calculate the remainder when 55 is divided by 3/(a*2/30).
10
Calculate the remainder when (-2 - -18) + 48573/21 is divided by 194.
1
Suppose 5*c - 6*q - 60 = 0, 44*c - 40*c - 48 = -4*q. Calculate the remainder when 859 is divided by c.
7
Suppose -108*o + 8 = -100*o. Calculate the remainder when (-5)/o*8/16*-32 is divided by 23.
11
Let y(f) = 11*f**2 - 69*f + 5. Suppose -5*o + 3*p = -23, 2*p = -3*o + 15 + 14. What is the remainder when 362 is divided by y(o)?
57
Let r = -6049 + 6139. Calculate the remainder when 325 is divided by r.
55
Let m(d) = -d**2 - 92*d - 333. Suppose 0 = -u + 20 + 2. Calculate the remainder when u is divided by m(-88).
3
Let v = -264 + 268. Calculate the remainder when 52 is divided by 35/(-28)*-6 + 6/v.
7
Suppose 40*a - 44*a + 120 = h, 3*a = 15. Calculate the remainder when 1393 is divided by h.
93
Let h(b) = -b**3 - 12*b**2 + 12*b - 1. Let k = 42 - 8. Suppose -5 - k = 3*r. Calculate the remainder when 43 is divided by h(r).
7
Calculate the remainder when 50 - (0 + 5 + -9) is divided by -8*(-5)/((-100)/(-35)).
12
Let g(v) = 5*v**2 - 3*v - 19. What is the remainder when g(-4) is divided by (-20)/70 + (-1092)/(-49)?
7
Let y(h) = 639*h - 333. Calculate the remainder when y(2) is divided by 95.
90
Let x(b) = -b**3 + 4*b**2 + 7*b + 5. Let w be x(6). Let l be 2/(-6)*(5 - -1). Let j = l - w. What is the remainder when 90 is divided by j?
21
Let d be (-6)/9*(376 - (2 + 2)). Suppose 0 = a - 3, -5*c + 844 = -3*c - 4*a. Let j = c + d. What is the remainder when j is divided by 13?
11
Let x = 4096 + -3952. Calculate the remainder when 8205 is divided by x.
141
Let o = 79 - -254. What is the remainder when (o/54)/(3/18) is divided by 16?
5
Let h(w) = -w**3 + 10*w**2 - 4*w + 6. Suppose 1940*r + 1474 - 14835 = 11859. What is the remainder when h(8) is divided by r?
11
Let j be (-2020)/(-8)*(-2)/(-5). Let d be j*2 + -6 + 7. Suppose -43 - d = -6*x. What is the remainder when x is divided by 14?
13
Let v = 44 + 92. Suppose 0 = 3*y - 8*j + 3*j - 69, 46 = 2*y - 3*j. What is the remainder when v is divided by y?
21
Suppose 5*z - 130 = -5*j, -84 = -4*j + 5*z - 7. Calculate the remainder when 541 is divided by j.
12
Let o(u) be the third derivative of u**4/3 + 25*u**3/2 - 43*u**2. Calculate the remainder when o(-8) is divided by 1.
0
Let b(w) = -1105*w**3 + 11*w**2 + 19*w + 8. What is the remainder when b(-2) is divided by 108?
106
Let z = 258 + -75. Let d(q) be the second derivative of q**4/6 + 7*q**3/3 + 43*q**2/2 + 139*q. What is the remainder when z is divided by d(-6)?
28
Let c be 1 - -2 - ((-4)/2)/2. Suppose c*o - 125 = -a, 4*a + 23 + 17 = 2*o. Calculate the remainder when o is divided by -1*(-10 + (2 - 0)).
6
Suppose -49*p = -70763 + 20636. Calculate the remainder when p is divided by 202.
13
Let k(b) = -8*b**3 + 6*b**2 + 3*b + 1. Calculate the remainder when 3319 is divided by k(-2).
82
Let c(l) = -66*l - 298. What is the remainder when c(-13) is divided by 54?
20
Let c = 100 + 90. Suppose -50 = -w + 7*j - 2*j, -5*j = -5*w + c. Calculate the remainder when 98 is divided by w.
28
Suppose 5*r - 310 = 55*l - 51*l, l = -2*r + 111. Calculate the remainder when 194 is divided by r.
20
Suppose s = -0*s, -5*j + 2*s - 660 = 0. Let i = j + 192. What is the remainder when 175 is divided by i?
55
Let f(l) = 21 + 0*l - l + l - 4*l. What is the remainder when f(-11) is divided by 4/14 + (-225)/(-21)?
10
Suppose -p - 418 = 3*m - 432, 22 = 5*p - m. Let c = 7 + -7. Suppose -z - 4 = c, 2 + 7 = h + z. Calculate the remainder when h is divided by p.
3
Let b = 407 + -206. Suppose -958*x = -961*x + b. What is the remainder when x is divided by 12?
7
Let t = -363 - -168. Let a = -159 - t. What is the remainder when 249 is divided by a?
33
Suppose -2*n = -4*u + 90, 32 + 78 = 5*u - 5*n. Calculate the remainder when 709 is divided by u.
19
Let z(h) = -h**3 - 24*h**2 + 25*h + 5. Let q be z(-25). Suppose -q*g = -3*r - 291, 4*r = 3*g - 0*r - 179. Calculate the remainder when g is divided by 15.
12
Suppose 142*p - 151*p = -2007. What is the remainder when 541 is divided by p?
95
Suppose 3*q - 26 = -533. Let d = q + 196. What is the